 the greatest common divisor of r and 1.
1
Let h(t) = -t**2 - 18*t + 27. Let l be h(-19). Suppose -6*x - 32 = -l*x. What is the greatest common factor of 160 and x?
16
Let b(a) = 6*a + 1. Let h be b(3). Let u = 1883 + -1326. Suppose -5*j = 4*d - 841, -5*d + 3*j + 485 = -u. What is the highest common divisor of h and d?
19
Let m(o) be the second derivative of -o**5/20 - 7*o**4/6 + 11*o**3/6 - o. Let i be m(-15). Let l = i + -43. What is the greatest common divisor of l and 187?
17
Let s = 2121 - 2089. Calculate the highest common factor of s and 2688.
32
Let g be (-3 - 2)*4/(-5). Suppose m - 2*m = -g. Let y be (-2 + m)/((-8)/(-400)). What is the highest common divisor of 25 and y?
25
Let s be (3 + -6)/(18/(-204)). Let m = s + -22. What is the greatest common divisor of m and 18?
6
Suppose 9*c = 57 - 12. What is the greatest common factor of c and 25?
5
Let t(q) = 4*q**2 + 3*q - 3. Let s be t(2). Suppose s = 2*f - 71. What is the greatest common factor of f and 18?
9
Let u(y) = -5*y**2 + 8 + 106*y**3 - 3*y**2 + 2*y - 105*y**3. Let m be (1/2)/((-2)/(-32)). Let l be u(m). Calculate the greatest common divisor of l and 192.
24
Suppose 9 = 3*l - z, -2*z + 0 = -6. Suppose -l*x + 170 = -14. Suppose 3*t - 5*p = -p + 187, 281 = 4*t + p. Calculate the greatest common factor of x and t.
23
Let w(c) = c - 1. Let i(j) = -8*j + 12. Let l(v) = i(v) + 6*w(v). Let s be l(0). What is the greatest common factor of s and 3?
3
Let x = 31 - 16. Suppose -37 - x = -z. What is the greatest common divisor of 13 and z?
13
Let f be 44/12 + (-6)/9. Let y(b) = b**3 - 3*b**2 + b. Let g be y(f). Let p(t) = -24*t. Let z be p(-1). What is the greatest common factor of g and z?
3
Let o(v) = v**3 - 12*v**2 + 11*v + 2. Let g be o(11). Let q be (1/g*1)/((-2)/(-12)). Calculate the greatest common divisor of q and 2.
1
Suppose 193*d + 5*g + 37 = 194*d, 2*d + g = 63. What is the greatest common factor of d and 352?
32
Let x be -7*(-6 + 2/1). Let f(h) = -h**3 + 15*h**2 - 23*h - 5. Let k be f(13). Let j = 62 - k. What is the highest common factor of x and j?
28
Suppose 32*r + 0*r - 7552 = 0. Calculate the greatest common divisor of 1062 and r.
118
Let x(v) be the second derivative of 8*v**3/3 + v**2/2 + 13*v. Let j be x(2). What is the highest common divisor of 132 and j?
33
Let z(y) = -5*y + 37. Let v be z(7). Let s be (-1)/(v/(-5)) - 4/(-8). What is the greatest common factor of 18 and s?
3
Suppose -4*t + 8 = -4. Suppose -b + 0*b - 3 = -t*i, -2*b - 4*i = -14. Suppose 13 = 2*q - b. Calculate the greatest common factor of 20 and q.
4
Suppose 20*d = 15*d + 50. Let l(a) = 13*a - 4 + 2 - 3 - 6. Let t be l(d). What is the greatest common divisor of 17 and t?
17
Suppose 0 = 55*m - 67*m + 84. Calculate the highest common divisor of 189 and m.
7
Suppose 0 = 17*m - 140*m + 10455. Let y(v) = -18*v - 1. Let r be y(-1). Calculate the greatest common divisor of r and m.
17
Let b = 35 - 28. Suppose 3*s = 5 + b. Suppose 72 = s*g - 28. Calculate the greatest common factor of 5 and g.
5
Suppose 2*o - 3 = 3*o. Let m = 12 + o. Let w(c) = 9*c**2 + 2*c - 3. Let t be w(-3). Calculate the highest common factor of t and m.
9
Let v be (-361)/(-6) - (-3)/(-18). Suppose -2 = u, 2*m - 6*m + v = -4*u. What is the greatest common factor of m and 13?
13
Let b = -25 + 61. Suppose -3*g = 5*w - 69, 0 = 5*w - 5*g - 58 + 13. What is the highest common divisor of w and b?
12
Let i be -4 - -7 - (-3 + -46 + 0). Calculate the greatest common factor of i and 338.
26
Let j = 51 + -30. Calculate the greatest common divisor of 6 and j.
3
Suppose 0 = 4*o + 8*j - 7*j - 13, 0 = 5*o - j - 23. Let n = -2 + 0. Let b be (-2)/(-1*n/(-12)). What is the greatest common factor of o and b?
4
Let f be -2 - -6 - (40 + -47). Let i = -18 + 29. Calculate the highest common factor of i and f.
11
Suppose 5*b - 27 = 3*b + u, -2*u = -5*b + 66. What is the highest common divisor of b and 3756?
12
Let k = -506 - -522. Suppose 0 = 4*m - 2*n - 0*n - 64, 0 = 2*n. What is the greatest common factor of k and m?
16
Let n(o) = 0*o**3 + 5*o**2 + 5 - 2*o**3 - 8*o + 3*o**3. Let r be n(-6). Suppose -5*b + 8 = -r. What is the greatest common divisor of b and 10?
5
Suppose -24 = -3*k - 18. Let o = -11 + k. Let r(q) = -4*q - 17. Let b be r(o). Calculate the highest common divisor of b and 19.
19
Let h = 103 + -64. Suppose -21 = -5*x + h. What is the greatest common divisor of x and 108?
12
Let n be 4/5 + (-48)/60. Let m be (-15 + -15)/(-1 - n). Calculate the greatest common factor of m and 45.
15
Let f = -79 - -108. Suppose -31 - f = -6*n. What is the highest common factor of 40 and n?
10
Suppose -4*u = -2*t - 30, -2*t - 2 = u + 3. Suppose 0 = 5*s + 4*c - 4 + 13, 2*s - u*c = 3. Let d = s + 5. Calculate the highest common divisor of d and 32.
4
Let q(v) = 31*v**2 + 2*v + 1. Let w be q(-5). Suppose 4*t - 258 - w = 3*n, 5*t = 4*n + 1281. What is the greatest common divisor of 23 and t?
23
Suppose -y = f - 0*f + 1, 5*y - 2*f - 16 = 0. Let g(o) = 2*o + 1. Let v be g(y). Suppose -30 = -v*c + 15. Calculate the highest common factor of c and 45.
9
Suppose 14*b = -9*b + 437. What is the greatest common divisor of b and 57?
19
Suppose 4*c = -8, 33*r - 3*c + 2298 = 36*r. What is the highest common factor of r and 60?
12
Let i be (-7)/(-21) - 4/(-6). What is the highest common divisor of 2 and i?
1
Suppose -3*m + 93 = -0*m. Let h(t) = -t**3 + 24*t**2 - 58*t + 19. Let b be h(21). Calculate the highest common divisor of b and m.
31
Let n = 55 + -31. Suppose -15 + 3 = -4*b. Suppose -b*k = -7*k + 24. What is the greatest common factor of k and n?
6
Suppose -b + 2 = 0, p - 6*b = -0 + 12. Calculate the greatest common factor of p and 216.
24
Let b(k) = 2*k + 13 - 3*k + 3*k. Let d be 1/(2/12*(-8)/8). Let l be b(d). What is the greatest common factor of l and 1?
1
Let w(i) = i**3 - 23*i**2 + 44*i - 26. Let m be w(21). Calculate the greatest common divisor of 112 and m.
16
Let o(v) = v**3 - 7*v**2 + 7*v - 4. Let i = 39 + -33. Let u be o(i). Let d = u - -3. What is the greatest common divisor of d and 20?
5
Suppose 0 = 16*z - 274 - 542. Calculate the greatest common factor of 204 and z.
51
Let f = 9 - 5. Let j = 43 - 85. Let s = j - -46. Calculate the highest common divisor of f and s.
4
Suppose -4*n + 5014 = 5*d, -4*d = -4*n - 3149 + 8181. Calculate the greatest common factor of 471 and n.
157
Let p(v) = v**3 - 2*v**2 - 29*v + 81. Let r be p(3). What is the greatest common divisor of 30 and r?
3
Let f be 25/(50/24)*2. What is the greatest common factor of f and 376?
8
Let o(w) = -56*w - 1. Let k(f) = -f. Let z(v) = -4*k(v) - o(v). Let a be z(2). What is the greatest common divisor of a and 11?
11
Let m(x) = -x**3 + 19*x**2 + 22*x - 26. Let f be m(20). Calculate the greatest common divisor of f and 3710.
14
Let r = 1 + 0. Suppose 0 = 90*w - 62*w - 28. What is the highest common factor of w and r?
1
Let a = 766 + -638. Suppose 3*j + 5*o = 76, 3*j - 4*o = 52 + 60. What is the highest common divisor of j and a?
32
Let n = 4 + 38. Suppose 15 = -4*x + 6*x - 3*k, 5*k + 15 = 0. Suppose -d = 4*q + 3 + x, -d = 3*q + 3. What is the highest common factor of n and d?
6
Let d(s) = 4*s**2 - 12*s - 10. Let g be d(4). Calculate the highest common factor of 14 and g.
2
Let t = -547 - -625. Calculate the highest common factor of 208 and t.
26
Let m(r) = -2*r**2 + 3*r + 2*r**2 - 3 + r**2. Let y be m(-5). Let o be 3 + -3 - 35/(-1). Calculate the highest common divisor of o and y.
7
Suppose 2*h = o + 7*h - 54, 2*h = -o + 45. What is the highest common divisor of 4 and o?
1
Suppose 1055 - 47 = 42*f. What is the greatest common divisor of 228 and f?
12
Let k be (-906)/(-30) - (-18)/10. Suppose 0 = 5*v + n - 76, -6*v + 5*n + 84 = -2*v. Calculate the highest common factor of k and v.
16
Let r(m) = m**2 - 2*m + 2. Let a = -78 + 80. Let k be r(a). Calculate the greatest common factor of k and 26.
2
Let q = 566 + -562. What is the greatest common divisor of q and 34?
2
Let s be (372/16)/((-24)/(-32)) + 0. Calculate the greatest common divisor of 217 and s.
31
Let s be 11*4*(13 - 7). Suppose -3*w - w + 20 = 0. Suppose -6*n = -w*n - 33. Calculate the highest common factor of s and n.
33
Let n be 3/(-6) + (-10)/(-4). Let i(m) = m. Let a be i(n). Suppose 132 = 6*z - a*z. What is the greatest common divisor of 11 